 = 2*g - 10. Give u(7).
4
Let z(c) = 29*c - 2. Give z(1).
27
Let u(s) = 22*s - 462. What is u(22)?
22
Let y(m) = 8*m + 79. Calculate y(-9).
7
Let y(s) = -s**3 - 7*s**2 + 10*s + 10. Give y(-8).
-6
Let p(r) = -r**3 - 16*r**2 + 134*r + 49. Determine p(-22).
5
Let w(x) = -3*x**2 + 102*x + 13. Give w(34).
13
Let q(d) = 46*d + 45. Calculate q(-1).
-1
Let q(z) = -8*z**2 + 551*z + 77. Calculate q(69).
8
Let m(z) = z**3 - 12*z**2 + 10*z + 2. Give m(11).
-9
Let j(n) = -18*n + 192. Give j(13).
-42
Let v(r) = -r**2 - r + 86. Calculate v(-10).
-4
Let n(h) = 6*h - 1. Give n(1).
5
Let q(f) = 2*f**3 - 3*f**2 - 3*f - 3. Calculate q(3).
15
Let y(r) = r**3 + 7*r**2 + 9*r - 14. Determine y(-7).
-77
Let s(f) = -5*f**2 - 7*f. Determine s(2).
-34
Let p(v) = -v**3 - 5*v**2 + 24*v - 1. What is p(3)?
-1
Let f(n) = 20*n**2. Calculate f(-1).
20
Let n(t) = -t**2 + 45*t - 40. What is n(44)?
4
Let v(a) = -15*a + 34. Calculate v(4).
-26
Let c(f) = -f**3 - 8*f**2 - 6*f - 4. Determine c(-6).
-40
Let h(z) = -7*z - 15. Calculate h(-3).
6
Let s(o) = -o**3 - o**2 + 31*o + 11. Give s(-6).
5
Let o(p) = 7*p**2 + 4*p - 5. What is o(-3)?
46
Let b(f) = -4*f + 5. Determine b(9).
-31
Let j(z) = 8*z - 15. What is j(5)?
25
Let h(a) = -a**3 - a**2 + 5*a + 6. What is h(-3)?
9
Let n(d) = 2*d**2 - 5*d + 4. Determine n(3).
7
Let x(i) = -i**2 - 6*i - 3. Give x(-5).
2
Let t(q) = q + 13. Determine t(-12).
1
Let a(s) = 22*s + 7. Give a(1).
29
Let k(z) = -z**3 + 16*z**2 + 17*z - 10. Give k(17).
-10
Let j(i) = -39*i - 431. Give j(-11).
-2
Let y(h) = -110*h. What is y(1)?
-110
Let k(b) = -b**2 - 16*b - 17. Determine k(-15).
-2
Let n(a) = -a**2 + 9*a - 2. Determine n(6).
16
Let l(z) = 3*z**2 - z - 1. Determine l(-1).
3
Let d(g) = -13*g - 85. Determine d(-6).
-7
Let u(i) = 11*i + 5. Give u(-12).
-127
Let n(d) = d**3 - d**2 + d + 14. What is n(0)?
14
Let t(g) = g**3 - 3*g**2 + 5*g - 15. What is t(5)?
60
Let t(o) = -4*o - 37. Determine t(-6).
-13
Let k(u) = u**2 + 7*u - 27. Calculate k(5).
33
Let w(r) = -r**3 - r**2 + 16*r + 10. Calculate w(-4).
-6
Let p(d) = 4*d + 2. Give p(3).
14
Let p(y) = -32*y - 1724. Calculate p(-54).
4
Let d(j) = j**3 - 12*j**2 - 14*j + 8. Determine d(13).
-5
Let a(b) = b**3 + 4*b**2 + 2*b - 5. What is a(-4)?
-13
Let f(s) = -s**3 + 5*s**2 + 3*s. What is f(4)?
28
Let h(v) = 10*v - 5. Calculate h(4).
35
Let q(v) = 27*v**3 - v. Calculate q(1).
26
Let m(l) = l**3 - 2*l**2 - 6*l + 1. Determine m(4).
9
Let x(h) = -h**3 - 4*h**2 - h + 3. Give x(-4).
7
Let g(n) = -17*n**3. Calculate g(-1).
17
Let z(u) = -u**3 + 5*u - 3. What is z(3)?
-15
Let j(f) = f**2 + f - 5. Calculate j(-4).
7
Let o(p) = -3*p + 24. Calculate o(7).
3
Let o(v) = v**3 + 12*v**2 + 9*v - 16. Calculate o(-11).
6
Let d(y) = -18*y - 30. What is d(-2)?
6
Let p(z) = z**3 + 3*z**2 - 3*z + 10. Calculate p(-4).
6
Let v(j) = -j - 9. Determine v(-8).
-1
Let o(i) = 2*i**2 + 3*i + 2. Give o(-2).
4
Let y(g) = 3*g + 9. Determine y(-8).
-15
Let a(p) = -31*p**3 - p**2 - 3*p - 2. Give a(-1).
31
Let n(m) = -5*m - 3. Give n(3).
-18
Let y(j) = j**2 - 9*j + 1. What is y(6)?
-17
Let q(g) = g**2 - 3*g - 4. What is q(-4)?
24
Let d(i) = -4*i - 21. Give d(-6).
3
Let b(p) = p - 19. Give b(11).
-8
Let y(t) = t**2 + 21*t + 36. Give y(-20).
16
Let m(x) = x**2 + 15*x + 34. Give m(-11).
-10
Let d(m) = 4*m**2 - 1. Calculate d(2).
15
Let p(l) = -l**3 + 24*l**2 - 24*l + 18. What is p(23)?
-5
Let n(t) = 6*t - 40. What is n(-5)?
-70
Let h(f) = f**3 - 7*f**2 + 3*f - 9. What is h(7)?
12
Let t(o) = 16*o**2 - 8*o + 5. Calculate t(2).
53
Let j(f) = 12*f - 96. Calculate j(5).
-36
Let c(q) = q**2 - 11*q + 11. What is c(8)?
-13
Let s(z) = z**3 - 12*z**2 + 2*z - 24. What is s(12)?
0
Let r(p) = 17*p**2 - 2*p + 2. What is r(1)?
17
Let w(k) = k - 7. Give w(0).
-7
Let g(k) = -k**3 + 8*k**2 - 3*k + 2. Give g(8).
-22
Let c(i) = i**3 + 7*i**2 - 2*i - 3. Give c(-7).
11
Let m(i) = 2*i**2 - 7. Determine m(8).
121
Let v(x) = -2*x**3 + 6*x**2 - 8*x + 9. Determine v(4).
-55
Let g(w) = -w**2 + 10*w - 4. What is g(9)?
5
Let v(o) = -22*o**2 + 134*o - 11. Determine v(6).
1
Let y(w) = 15*w**2 + 4*w + 6. Determine y(0).
6
Let w(r) = -r**2 - 11*r - 7. What is w(-13)?
-33
Let p(w) = w**2 - 46*w + 89. What is p(2)?
1
Let c(t) = -t**2 - 4*t + 1. Calculate c(-2).
5
Let s(x) = x**3 - 8*x**2 + 14*x - 104. What is s(8)?
8
Let j(r) = -r - 18. Determine j(2).
-20
Let q(i) = i**2 + 7*i - 33. Give q(-9).
-15
Let w(b) = b**3 - 11*b**2 + 9*b - 12. Calculate w(10).
-22
Let m(x) = 3*x - 15. Calculate m(4).
-3
Let x(j) = -j**2 - 26*j - 50. What is x(-24)?
-2
Let y(r) = r**3 + 9*r**2 + 10*r + 6. What is y(-8)?
-10
Let t(a) = -a**2 - 7*a - 4. Determine t(-4).
8
Let g(x) = -x**2 - 10*x - 10. What is g(-7)?
11
Let h(f) = f + 16. What is h(-7)?
9
Let j(b) = b**2 + b - 5. What is j(-6)?
25
Let m(y) = 3*y**2 + y - 3. Calculate m(-3).
21
Let a(q) = -2*q - 4. What is a(-6)?
8
Let y(n) = -n**3 + 18*n**2 + 3*n + 11. Calculate y(18).
65
Let u(q) = q**2 + 5*q + 2. Determine u(-5).
2
Let t(m) = -m**3 + 7*m**2 - m - 23. Determine t(6).
7
Let r(v) = 34*v**3 - 3*v + 2. What is r(1)?
33
Let c(o) = -o**3 + 8*o**2 - 5*o - 3. What is c(8)?
-43
Let u(v) = v**2 + 30*v - 133. Determine u(-34).
3
Let q(b) = -b**2 + 11*b - 13. Give q(9).
5
Let k(l) = -l**3 - 9*l**2 + 10*l - 5. What is k(-10)?
-5
Let l(x) = -x**2 - 5*x + 62. Determine l(6).
-4
Let c(w) = w**3 - 4*w**2 - 3*w + 4. What is c(1)?
-2
Let d(w) = -w**3 + 2*w**2 + 5*w - 5. Calculate d(0).
-5
Let j(y) = -2*y**2 + 2*y - 7. What is j(4)?
-31
Let w(i) = -3*i - 74. Calculate w(-30).
16
Let c(q) = -q**2 - 9*q + 8. Determine c(-8).
16
Let n(b) = 4*b + 81. Calculate n(-21).
-3
Let o(a) = a**2 - 10*a - 6. What is o(5)?
-31
Let c(k) = 2*k**3 + 67*k**2 + 35*k + 66. Calculate c(-33).
0
Let w(l) = 23*l + 361. What is w(-16)?
-7
Let s(p) = -p**3 - 9*p**2 + 2*p - 2. Calculate s(-9).
-20
Let l(s) = 19*s - 9. Calculate l(5).
86
Let x(f) = f - 15. Calculate x(4).
-11
Let c(y) = -2*y - 5. Give c(-4).
3
Let k(m) = 3*m**2 - 35*m + 35. Calculate k(1).
3
Let t(h) = h**2 - 55*h - 449. Determine t(62).
-15
Let y(s) = s**3 - 9*s**2 + 2*s - 3. Give y(9).
15
Let s(t) = -t**3 - 16*t**2 - 11*t - 2. Determine s(-15).
-62
Let f(q) = -q - 2. Calculate f(12).
-14
Let c(d) = -d**2 - 15*d + 16. Give c(-16).
0
Let s(i) = -i**2 - 4*i. What is s(-5)?
-5
Let r(w) = 2*w - 22. Calculate r(8).
-6
Let i(t) = t**3 - 9*t**2 - 9*t + 11. Calculate i(10).
21
Let v(h) = -2*h**3 + 72*h**2 + h - 34. Determine v(36).
2
Let n(d) = d**2 + 7*d + 16. Determine n(-11).
60
Let f(g) = -g**2 + 5*g + 7. Give f(6).
1
Let y(h) = 7*h - 6. Determine y(-10).
-76
Let k(u) = u**3 + 2*u**2 - u + 3. Determine k(-2).
5
Let z(g) = -g + 66. Give z(43).
23
Let y(k) = -k**2 + 2*k - 4. Give y(2).
-4
Let a(i) = 4*i**2 - 14*i - 36. What is a(-3)?
42
Let v(d) = 2*d**3 + 5*d**2 + 4*d + 1. Calculate v(-4).
-63
Let q(r) = -r**2 - 12*r + 109. What is q(-19)?
-24
Let f(z) = -5*z + 74. Give f(16).
-6
Let j(v) = v**3 + v**2 - v - 15. Give j(0).
-15
Let j(k) = 15*k - 5. Calculate j(2).
25
Let b(j) = j**2 - 26. Determine b(5).
-1
Let n(f) = 5*f + 27. Calculate n(11).
82
Let x(r) = -r**3 - 9*r**2 + 5*r - 8. What is x(-10)?
42
Let v(y) = 2*y + 20. Calculate v(-10).
0
Let v(o) = -10*o + 93. Calculate v(10).
-7
Let x(z) = -7*z + 347. Determine x(50).
-3
Let y(f) = 7*f - 331. Give y(47).
-2
Let s(f) = 2*f**3 - 4*f**2 + 2*f - 2. What is s(3)?
22
Let o(y) = -y**3 + 12*y**2 - 12*y + 13. What is o(11)?
2
Let c(m) = -7*m. Give c(2).
-14
Let b(d) = d**2 - 9*d + 9. Determine b(10).
19
Let l(h) = 3*h**2 - h + 2. Calculate l(1).
4
Let g(c) = 3*c - 19. What is g(5)?
-4
Let z(v) = v**3 - 8*v**2 - 9*v - 3. Determine z(9).
-3
Let l(u) = 4*u - 23. Determine l(9).
13
Let j(m) = -14*m - 50. What is j(-6)?
34
Let z(i) = -i**3 - 5*i**2 - 3*i - 1. What is z(-2)?
-7
Let a(w) = 12*w + 17. Give a(-2).
-7
Let n(p) = p**3 - p**2 - p + 2. What is n(-2)?
-8
Let c(h) = -2*h - 1. Determine c(2).
-5
Let h(c) = -c**2 + 14*c - 59. Calculate h(5).
-14
Let l(y) = 33*y**2 - y. What is l(1)?
32
Let v(h) = -h - 18. Give v(-11).
-7
Let h(b) = -b**3 + 7*b**2 - 4*b + 3. Give h(7).
-25
Let u(l) = -11*l + 34. Calculate u(4).
-10
Let v(i) = 3*i**2 - 6*i + 3. Give v(4).
27
Let j(g) = 2*g**2 + 48*g + 47. Calculate j(-23).
1
Let q(t) = -19*t**3. Calculate q(-1).
19
Let f(c) = -12*c + 2. Calculate f(10).
